 and 30.
30
Let f = -57 + 63. Let d be (-4)/f*15/5 - -3. What is the highest common factor of d and 4?
1
Let v be 2/(-7) - (220/(-35) - -4). Suppose -5*l = -l + v*u - 430, -l = -2*u - 95. Calculate the highest common divisor of l and 15.
15
Suppose -5*k + 3*b + 92 = 0, 2*k + 36 = 3*k - 5*b. Suppose 5*j = -5*s + 245, -69*s + 73*s - 190 = 2*j. What is the greatest common factor of k and s?
16
Let k = 458 + -435. Calculate the greatest common divisor of 736 and k.
23
Let g be -1 + 2635/(-2 - -7). Suppose -5*j + 645 = 5*x, -7*j = -3*j - x - g. Let k = -92 + j. What is the highest common divisor of k and 26?
13
Let z be (36/14)/((-6)/(-28)). Suppose -2*f - z = -p, -4*p + 0*p = -2*f - 30. Suppose -p*s + 362 + 52 = 0. Calculate the highest common divisor of 23 and s.
23
Let f be (-20)/30*(-2 - -35). Let s = 4 - f. Calculate the greatest common divisor of 65 and s.
13
Let d = 28 - -21. Let c be (-705)/(-105) + (-3)/((-21)/2). What is the greatest common factor of d and c?
7
Let j = -80 - -116. Suppose -2*y + j - 28 = 0. What is the highest common divisor of y and 4?
4
Suppose -22*r + 26*r - 20 = 0. Suppose -9 = -r*c + 2*c. Calculate the greatest common divisor of 9 and c.
3
Let k(c) = 48*c**2 + 4*c + 6. Let w = 94 + -95. Let u be k(w). Let z(r) = -25*r**3 - r - 1. Let a be z(-1). Calculate the highest common divisor of u and a.
25
Suppose -16*g + 46 = -14*g + 2*q, 5*q + 119 = 4*g. Let c(b) = b**3 - 3*b**2 - b + 1. Let o be c(4). Calculate the highest common divisor of g and o.
13
Suppose 0*a + 3*a - 33 = 0. Let y = 1 + 10. Calculate the greatest common divisor of a and y.
11
Suppose -25 = -4*l + 3*r, 7 = -l - 5*r - 4. Suppose l*u = 5*u - 16. Let w = -182 - -326. Calculate the highest common divisor of w and u.
16
Let f(k) = -3*k - 13. Let a be f(-16). Let c = a + -25. Calculate the greatest common factor of 25 and c.
5
Suppose 273 - 288 = -5*g. Suppose d - 17 = -4*i, 0*d - 5*d - 2*i + 31 = 0. Suppose -d*a = 104 - 269. Calculate the highest common factor of a and g.
3
Suppose -11 = 2*x - k + 3, -4*x - 4*k - 16 = 0. Let l be (3/(-2))/(x/160). Let a = l + -28. Calculate the greatest common divisor of 132 and a.
12
Let l = -29 + 41. Let t be (-17)/(-4) - 27/(-36). Suppose 0 = -t*g + 10, 5*a + 4*g - 152 = a. Calculate the highest common divisor of l and a.
12
Let m be (5 + -2)/((-9)/(-129)). Calculate the highest common divisor of 516 and m.
43
Let b be ((-531)/18)/((-2)/8*-2). Let l be b/(-4) - (-2)/8. Calculate the highest common divisor of 6 and l.
3
Let a be 12/42 - 206*1/(-14). Calculate the highest common factor of 85 and a.
5
Suppose 5*u - 10*u + 50 = 0. Let l(s) = 3*s**2 - 4*s**2 + s + u*s + 8 - 2. Let p be l(8). Calculate the highest common divisor of p and 6.
6
Let n = -1028 + 1070. Calculate the highest common factor of 28 and n.
14
Let y = 25 + -26. Let d be 165 - (2 + y + 2). What is the greatest common factor of d and 18?
18
Suppose 3*b - 9*n = -11*n + 287, 0 = 5*b - n - 500. Calculate the greatest common factor of b and 27.
9
Let c = 254 + -12. Let x be 6816/312 - ((-8)/13)/4. Calculate the highest common divisor of c and x.
22
Let o = -143 + 232. Suppose v - o = -9. What is the greatest common divisor of 32 and v?
16
Let y = -305 - -387. Calculate the greatest common factor of y and 451.
41
Let r = -51 + 161. Suppose -7*m + r + 2 = 0. What is the greatest common factor of 16 and m?
16
Let q be (1666/(-136))/(3/(-36)). What is the greatest common factor of 392 and q?
49
Let c = 241 + -219. Calculate the greatest common divisor of c and 594.
22
Let q = 488 - -5. What is the greatest common divisor of 116 and q?
29
Let j(v) = v**3 + 18*v**2 + 5*v - 9. Let t be j(-7). Suppose -8*c + t = -5*c. Calculate the greatest common factor of 66 and c.
33
Let l be ((-11)/(539/126))/((-9)/84). What is the greatest common divisor of 344 and l?
8
Let g = 16 + -48. Let p = g - -50. Calculate the highest common factor of p and 45.
9
Let m(d) = 4*d - 26. Suppose 3*v = -3*w + 15 - 3, 2*v + 10 = 0. Let h be m(w). What is the greatest common factor of h and 80?
10
Suppose p + 15 = 7*x - 2*x, 0 = -2*p - 5*x + 30. Suppose 6*a - 55 = p*a. Calculate the greatest common factor of 11 and a.
11
Suppose 5*n = 4*r + 3*n - 114, 2*r = -2*n + 42. What is the highest common factor of r and 273?
13
Suppose 0 = 14*w - 10 - 60. Let v be -1 + (-1)/((-2)/12). What is the highest common factor of w and v?
5
Let j(q) = 3*q**2 + 47*q - 28. Let y be j(-24). Calculate the greatest common divisor of 44 and y.
44
Suppose 4*i + 0 - 4 = 0. Let x be (-26)/(2*1/6 - i). What is the greatest common divisor of 273 and x?
39
Let j be 15*12/40*2. Suppose 12 = -3*x, -f + 4*x + 57 - j = 0. Let k be (-6)/(20/(-8) - -1). Calculate the highest common divisor of f and k.
4
Suppose 229 - 169 = q. Calculate the greatest common divisor of q and 300.
60
Let l(v) = -2*v + 16. Let r be l(-12). Suppose 2*y - 50 = r. Calculate the greatest common divisor of 5 and y.
5
Let t = -94 - -96. Calculate the highest common divisor of t and 7.
1
Let d = 265 - 252. Let r(l) = 4*l**2 - 2*l - 13. Let v be r(7). What is the highest common factor of d and v?
13
Let v = -10 - -28. Suppose -22 = n + l, 0 = -n - 2*l - 44 + v. Let m = 31 + n. Calculate the greatest common divisor of m and 65.
13
Let x = -15 - -59. Let f = 20 + 2. Calculate the highest common factor of x and f.
22
Let r be 6/(-18) + ((-116)/3 - -2). Let o = r + 43. What is the greatest common factor of 15 and o?
3
Let t = 565 + -304. Let v = -2723 - -2732. Calculate the greatest common factor of t and v.
9
Let n be 0 - 1 - ((-8)/4 + -1). Suppose 0 = 2*f - n*m - 16, 4*m = -2*f + 9 + 1. What is the greatest common divisor of 77 and f?
7
Let n be (37 - (-4 - -9)) + 0/1. Let g = n + -9. What is the highest common factor of g and 92?
23
Suppose 2*h - v = 293, 2*v - 284 = 8*h - 10*h. Suppose -53 = -k + l, -33 = -3*k + 2*k + 5*l. What is the highest common factor of h and k?
29
Let m(a) = -8*a - 2 + 11*a**2 - 5*a - 10*a**2. Let c be (-8 - 1)*-2 - 3. Let v be m(c). What is the greatest common divisor of 4 and v?
4
Suppose 4*f - 305 - 275 = 0. Suppose -5*a - 88 = n, -a - 4 + 1 = 0. Let k = n + f. Calculate the highest common divisor of 18 and k.
18
Let x = 348 + -342. What is the highest common divisor of x and 162?
6
Let a(w) be the second derivative of 1/12*w**4 - 10*w + 3/2*w**2 + 0 + 0*w**3. Let d be a(2). What is the greatest common factor of 7 and d?
7
Let z = 125 + -117. What is the highest common factor of 7 and z?
1
Let d = -57 + 92. Suppose 5 + d = 4*f. Suppose -t - 5 - 4 = -2*b, -5*t = -3*b + 31. Calculate the highest common divisor of b and f.
2
Suppose 3686 = 23*y - 1604. Calculate the greatest common divisor of 10 and y.
10
Let t be (-8)/(-20) + (-234)/(-15). Let b(j) = 0*j + j - 5*j. Let g be b(-6). Calculate the greatest common factor of g and t.
8
Suppose -10*v + 378 = 8*v. Calculate the greatest common factor of 7 and v.
7
Suppose 0 = 4*b - 7*b + 33. Suppose 0 = -2*v - b + 37. Suppose -115 = -5*r + 405. Calculate the highest common divisor of v and r.
13
Suppose 20*v - 132 = 68. Suppose 12*h - 14*h + 70 = 0. Calculate the greatest common divisor of v and h.
5
Let x be 1*19 + (-16)/((-48)/(-9)). Calculate the highest common divisor of 16 and x.
16
Let x = -9 - -16. Let m be ((-1278)/56)/((-90)/360) + 2/(-7). What is the greatest common divisor of x and m?
7
Let u(l) = l**2 - 22*l + 26. Let m(j) = 3*j + 5. Let q be m(6). Let w be u(q). What is the highest common divisor of w and 7?
7
Let t be 0 - -5 - (-175)/7. Let f be (t/5)/(1/4). What is the greatest common divisor of f and 36?
12
Suppose -4*n + 3*a = -472, -3*n = -2*a - 0*a - 355. Suppose -169 = 9*t - 52. Let s = 24 + t. What is the highest common factor of s and n?
11
Let k be -3*1 + (-2 - -5). Suppose -2*n + 7 + 21 = k. Calculate the greatest common factor of n and 14.
14
Let w(m) = 2*m**2 - 12*m - 66. Let z be w(-6). What is the greatest common factor of z and 390?
78
Suppose 529*z - 24072 = 505*z. What is the highest common factor of z and 51?
17
Let f(v) = -34*v + 39. Let g be f(1). What is the greatest common factor of g and 90?
5
Let l(y) = 5*y**2 - 2*y + 12. Let o be l(-4). Calculate the greatest common divisor of o and 30.
10
Let w = -831 + 1183. Calculate the highest common divisor of 32